 = -2*c**2 + 21. Let z = 1935 - 1931. Give b(z).
-11
Let f(z) = z**2 - 14*z + 9. Let p(m) = -m**3 - 22*m**2 - 19*m + 62. Let t be p(-21). Suppose 0 = -4*u + t + 32. Calculate f(u).
-4
Let b(u) = 8*u**2 + 382*u + 303. Let k be b(-47). Let t(v) = 13 - 2*v**2 + 3*v**2 - 2 + 24 - 23*v. What is t(k)?
-7
Let u = 3 + -6. Let b(x) = x**2 + 2*x + 10. Let t(c) = 13*c**2 + 25*c + 136. Let f(n) = 14*b(n) - t(n). What is f(u)?
4
Let j(u) = -u**2 - 4*u + 8. Suppose 3*t - 12 = 5*n, 3*n - 4*t = -7*t - 12. Let f(x) = -x + 3. Let v be f(n). Suppose -43*w + v = -44*w. Calculate j(w).
-4
Suppose -44*j = -32*j - 168. Let p(l) = -l**2 + 12*l + 19. Determine p(j).
-9
Let u(v) = v**3 - 7*v**2 + 2*v - 13. Let i(r) = -12*r - 2. Let a be i(4). Let l be (a/15)/10 + 44/6. Let z be u(l). Let x(s) = -9*s**2. What is x(z)?
-9
Let i(h) = 2*h**2 + 7*h + 2. Let j = 8069 + -8072. What is i(j)?
-1
Let x(t) be the second derivative of 1/12*t**4 + 1/3*t**3 - 211*t + 2 + 3/2*t**2. Let o(j) = 2*j. Let b be o(-1). Calculate x(b).
3
Let d be (11 - (-6 - -4)) + 1 + 0. Suppose 19*j - 20 = d*j. Suppose 2*s - j*s = -6. Let t(f) = -f**2 - 2*f + 2. Give t(s).
-13
Let x(d) = -d**2 + 4*d + 1. Let q be x(4). Let k be 16/184 + (-2980)/(-115). Let z(m) = -62 - m + 63 - 25*m**2 + 19*m**3 + k*m**2. What is z(q)?
20
Let c(j) be the second derivative of j**3/2 + 22*j**2 + 3*j - 76. Give c(-17).
-7
Let t be (-4)/5 + 2 + (-2940)/(-300). Let d(n) = -n**3 + 4*n**2 + 75*n + 27. Give d(t).
5
Let f(b) = -b**3 - 36*b**2 + 38*b + 25. Let l(c) = 6*c**2 + 63*c + 119. Let r be l(-4). What is f(r)?
-12
Let b = -21 - -16. Let p = b + 18. Let g(t) = -21*t + 8 + p*t + 7*t. Determine g(7).
1
Suppose -23 = -o + 3*v, -4*o + v = 6*v - 75. Let f be -12*(o/8 - 2). Let h be (f/(-4))/(1/2). Let s(n) = -n**3 + 2*n + 2. Calculate s(h).
-19
Let t(b) = b**3 - 8*b**2 - 2*b + 19. Let u be t(8). Let l(i) = i**u - i - 8*i**2 + 319 - 310 - 10*i. Calculate l(9).
-9
Let s(b) = 9*b**2 - 15 - 20*b**2 + 14*b**2 - 15*b. Let t be s(6). Let q(j) = -j - 2. Give q(t).
-5
Let p(n) = -22*n**2 - 241*n + 15. Let q(z) = -z**2 - 14*z - 11. Let m be q(-14). Calculate p(m).
4
Let l be -6 + (-13)/((-39)/66). Let u(q) = -q**3 - 6*q**2 + 12 - q**2 + l*q - 14*q. Give u(-7).
-2
Let s(k) be the first derivative of 7 + 0*k**2 + 1/2*k**3 + 12*k. Let d(y) be the first derivative of s(y). Calculate d(-2).
-6
Let w(g) = -2*g**2 - 3 + 3*g - g**2 - 2*g**2 - 7*g. Suppose -q = -4*j - 10, -8*q + 6*q = -3*j - 10. Give w(j).
-15
Let z(d) be the second derivative of -150*d + 7/6*d**3 + 0 + 1/12*d**4 + 5/2*d**2. Give z(-10).
35
Suppose 8568 = 37*n - 58*n. Let m = n - -411. Let s(k) = -k**2 + k + 3. What is s(m)?
-3
Let x(p) = -7*p**2 - 2*p - 4. Let j = 4784 - 4787. Determine x(j).
-61
Let p = -145 + -280. Let v = -431 - p. Let b(t) = 4*t + 8. What is b(v)?
-16
Let u = -2349 - -2346. Let x(s) = -28*s - 73. Calculate x(u).
11
Let t(o) be the second derivative of o**4/12 - o**3 + o**2/2 - 3*o. Let p = -2371 - -2377. Calculate t(p).
1
Let v(m) = 13*m - 8. Let r be (-28)/8*(-16)/28. Give v(r).
18
Suppose -7 = 15*j + 4*j + 31. Let c(h) = 21*h**2 - 2*h - 3. Calculate c(j).
85
Let t(y) = 2*y + 22. Let c(v) = -27*v - 251. Let a be c(-9). Determine t(a).
6
Let r(k) be the third derivative of k**7/1260 + k**6/180 + k**5/60 - 13*k**4/4 - k**2 - 7*k. Let s(j) be the second derivative of r(j). Calculate s(-3).
8
Let y = -2 - -3. Let r(q) = -4*q - 23. Let s(j) = -76*j - 460. Let c(p) = 80*r(p) - 4*s(p). Determine c(y).
-16
Let a(v) be the first derivative of 13*v**4/4 - v**3 + 2*v + 3820. Determine a(-1).
-14
Let y(m) = -3845*m - 36 - 16 + 3836*m. Give y(-6).
2
Let m(o) = 5*o**2 + 17*o + 66. Let a(n) = 23*n**2 + 85*n + 322. Let i(u) = 3*a(u) - 14*m(u). What is i(19)?
4
Let y be -2 + 5 + 17 + -25. Let n be 5*((-22)/y - 2). Let v(f) = -f**2 + 13*f - 9. Calculate v(n).
3
Let s be (-84)/14 - (-16 - (-2 - 0)). Let f(a) = -2*a**3 + 38*a - 6*a**2 + a**3 - 6 - 41*a + 14*a**2. Determine f(s).
-30
Let n be (2 - 3)/(3 + -4)*2. Let l(s) = s**2 - 5*s + 12 - 5*s + s - 2*s**n. What is l(-10)?
2
Let w = -647 - -775. Let s(g) = 137*g + w*g + 133*g + 137*g - 542*g. Let t(m) = -2*m**3 + 2*m**2 - m. Let h be t(1). Calculate s(h).
7
Let w(t) = 17*t**2 + 6*t - 1. Let f(i) = 13*i**2 + 6*i - 2. Let l = 397 - 400. Let p(x) = l*w(x) + 4*f(x). Give p(-7).
2
Let z = 496 + -495. Let k(u) = 0*u**3 - 5*u**3 - z + 7*u + 2*u + 4*u**3 + 8*u**2 - 9. Give k(9).
-10
Let p be 303/(-4) + (-3 - 44/(-16)). Let u be (26/8 + -1)/(p/304). Let k(h) = -h**2 - 8*h + 14. Determine k(u).
5
Suppose -40*m + 41*m = 1. Let j(x) = m + 18*x**2 + 116*x - 236*x + 120*x. Calculate j(1).
19
Let r(u) = u**2 - 6. Suppose 7*j - 3*j = 3*n + 10, -4*j - 4 = 4*n. Calculate r(n).
-2
Let g = 226/6855 + 1/2742. Let v(f) be the third derivative of 1/6*f**3 - 8*f**2 + 1/12*f**4 + 1/30*f**6 + g*f**5 + 0 + 0*f. What is v(-1)?
-3
Let i(a) be the first derivative of 2*a**3/3 - 5*a**2/2 + 5*a + 933. Determine i(5).
30
Let m(h) be the third derivative of h**4/24 + 7*h**3/6 - h**2. Suppose 0 = 194*y - 180*y - 98. Suppose -60 = -y*d - 18. Determine m(d).
13
Let i(h) = 2*h**2 + 761*h - 343. Let n(p) = 5*p**2 + 1794*p - 686. Let z(k) = 7*i(k) - 3*n(k). What is z(-7)?
-7
Let i(w) = 15*w - 1099. Let h be i(73). Let u(o) = -7*o + 18. Give u(h).
46
Suppose -f = -5*a - 0*f - 50, 0 = a - 2*f + 1. Let c(g) be the third derivative of g**5/60 + 11*g**4/24 - g**3 - 351*g**2 - 2*g + 23. Calculate c(a).
-6
Let g(m) = -m**3 - 6*m**2 + 7. Suppose -6*h + 32*h + 156 = 0. What is g(h)?
7
Let p be (-2)/(-4)*((-24)/(-14))/(-2)*14. Let o(h) = -45*h - 284. Determine o(p).
-14
Let i(u) = -13*u**2 + 1. Let r(g) = 19*g + 21. Let l be r(-4). Let p = l + 52. Let y be (p + 15/6)/((-1)/(-2)). Give i(y).
-12
Let x(p) = -p**3 - p**2 + 1. Let i be (-1 + -3)*(4 - (-92)/(-16)). Suppose 0 = i*z - 3*z - 12. Suppose -z*h - 9 = -4*a + 5*a, 2*a = -4*h - 12. What is x(a)?
1
Let a(j) be the second derivative of 148*j + 1/2*j**3 + 0 + 5*j**2. Determine a(-5).
-5
Let y = -2684 - -2682. Let j(v) = -v**3 - v**2 - v + 3. What is j(y)?
9
Suppose 23*v = 1079 - 987. Let f(d) be the first derivative of 2*d + 2*d**2 - 2*d**3 + 1/4*d**v - 10. What is f(5)?
-3
Let v(t) = -t**3 + 8*t**2 + 7*t + 2. Let g = -6511 + 6520. Determine v(g).
-16
Let v(p) = 629*p**3 + 16 - 5*p + 16*p**2 + 627*p**3 - 1879*p**3 + 621*p**3. What is v(8)?
-24
Let c(h) = -h**3 - h - 16. Let a(w) = -13*w - 2. Let q be a(4). Let l = q + 50. Let f be (4 + l - 1) + 1. Give c(f).
-16
Let w be (1677/4472)/(2*3/272). Let t(g) = g**3 - 17*g**2 - g + 2. What is t(w)?
-15
Let w = 6862 - 6865. Let d(o) = o**2 - 3*o + 4. Give d(w).
22
Suppose h + 3 = 1, -148 = 3*w - h. Let x = -49 - w. Let l(n) be the second derivative of -n**4/12 + n**3/6 - n**2/2 + 13*n. Calculate l(x).
-1
Let m(v) be the third derivative of -1/60*v**5 + 0*v + 1/2*v**3 + 0 + 60*v**2 + 1/12*v**4. Determine m(-2).
-5
Let x = 31242 - 31249. Let o(i) = -1. Let p(n) = n**2 + 7*n - 2. Let b(h) = -5*o(h) + p(h). Calculate b(x).
3
Let c be (44/6 - 6)*-3. Let n be (1 - 0 - 5)/(c/(-8)). Let i(r) = r**3 + 9*r**2 + 11*r + 4. What is i(n)?
-20
Let h(i) = -i**2 - 4*i + 7. Let c = -3103 - -3098. What is h(c)?
2
Let p(s) = 3*s**3 - s**2 + s. Let l = -113 - -368. Let w = -253 + l. Give p(w).
22
Let c(v) be the third derivative of 1/120*v**6 + 0*v - 2/3*v**3 + 196*v**2 + 0*v**4 - 7/60*v**5 + 0. Calculate c(7).
-4
Let n(t) = -3*t**3 - 35*t**2 + 24*t - 42. Let k(o) = o**3 + 12*o**2 - 8*o + 14. Let r(w) = -8*k(w) - 3*n(w). Suppose 0 = -3*l + 429 - 459. Give r(l).
-6
Suppose 11*f - 39 = -2*f. Let t(o) = 1. Let x(k) = k - 2. Let j(h) = -5*t(h) - x(h). Let g be j(f). Let p(u) = u**2 + 10*u + 7. What is p(g)?
-17
Suppose 2*k = -7*b + 10*b + 26, -5*k = -5*b - 50. Let r be ((-2)/b)/(279/(-54) - -5). Let d(g) = 15*g + 1. What is d(r)?
-29
Let q(n) = 106*n - 9617. Let p be q(91). Let f(z) = -z**2 + 16*z + 363. Give f(p).
-14
Let i(d) = -d**2 - 24*d + 117. Let b = -1525 - -1497. Determine i(b).
5
Let j be ((-3)/(-3))/(8/24). Let d(w) be the first derivative of 6 - 9*w - 3*w**j + 1/4*w**4 + 9/2*w**2. Determine d(8).
-1
Let f(b) = 6 + 4 - b**2 + 13 - 28 + 12. Determine f(-4).
-9
Let w(l) = -2*l**3 + 5*l**2 - 4*l + 4. Let p(i) be the first derivative of 2*i**3/3 + 11*i**2/2 + 15*i - 157. Let s be p(-4). Determine w(